2
13a6a12
Convert -140524530 (base 6) to base 12.
-b50746
What is 12221112333 (base 4) in base 8?
6512677
24423274 (base 9) to base 7
203342341
What is 31240410 (base 6) in base 15?
12dca0
Convert 3172470 (base 9) to base 11.
a62105
2031880 (base 9) to base 5
234142024
8b7bd (base 14) to base 12
144263
-616921 (base 10) to base 13
-187a56
Convert -450023344 (base 6) to base 12.
-2877b54
-2245bb (base 14) to base 8
-4342471
-65a6 (base 16) to base 12
-13086
1595e4 (base 16) to base 8
5312744
What is 31565351 (base 7) in base 3?
12001121002102
Convert 1622673 (base 10) to base 11.
a09158
-12b0b4b (base 14) to base 9
-17882724
What is 920847 (base 12) in base 2?
1000101101001010110111
4400222 (base 6) to base 3
102001210012
-2120110021001 (base 3) to base 12
-55b161
Convert -45de1 (base 16) to base 12.
-119741
-150056 (base 8) to base 5
-3201134
-111110111000110110010 (base 2) to base 12
-83466a
Convert -252158 (base 11) to base 14.
-a5157
-2635735 (base 9) to base 15
-1d6ed8
What is -153450 (base 10) in base 16?
-2576a
What is 1040302 (base 6) in base 11?
36038
-3773a9 (base 11) to base 8
-2212757
What is 22322332111 (base 4) in base 5?
1213103442
What is 7c8ee (base 15) in base 13?
10b869
-877068 (base 10) to base 9
-1576100
Convert 7002553 (base 8) to base 15.
2641b5
Convert -2792377 (base 10) to base 9.
-5225371
What is -3488013 (base 10) in base 14?
-66b1db
What is 444043142 (base 5) in base 11?
1105960
Convert -24322 (base 10) to base 2.
-101111100000010
What is 159b7 (base 12) in base 9?
46234
What is -314000 (base 9) in base 3?
-100111000000
Convert -221d4 (base 14) to base 3.
-11012110001
What is -2211121202201 (base 3) in base 16?
-170323
Convert -918809 (base 11) to base 13.
-3c8914
9b027 (base 13) to base 10
281249
Convert 222120210102012 (base 3) to base 7.
231042305
Convert -73113 (base 10) to base 5.
-4314423
Convert -12543aa (base 11) to base 13.
-5b0c0b
Convert -101011011000100000 (base 2) to base 6.
-3450400
14223a (base 11) to base 4
312111202
-240320 (base 8) to base 2
-10100000011010000
2b3de (base 16) to base 9
288857
102c0 (base 14) to base 8
114100
What is 103113412 (base 5) in base 7?
3516564
Convert -9ca21 (base 13) to base 4.
-1011213022
What is 55169 (base 14) in base 6?
4230041
What is -555064 (base 14) in base 2?
-1011000010110010100000
What is 230120012210 (base 4) in base 2?
101100011000000110100100
-351488a (base 11) to base 8
-27332051
Convert -23003501 (base 6) to base 3.
-1022121010201
Convert -7171a (base 12) to base 14.
-3bc90
Convert 103052023 (base 7) to base 15.
811671
-192a8 (base 11) to base 6
-324524
What is c39f (base 16) in base 4?
30032133
Convert -153144 (base 14) to base 9.
-1344785
What is -5622173 (base 8) in base 6?
-52301335
What is -176333 (base 9) in base 10?
-109623
Convert 23601 (base 11) to base 12.
17816
-1774005 (base 10) to base 9
-3303426
-10467707 (base 9) to base 7
-61021312
What is -236215 (base 9) in base 7?
-1131650
Convert -33a058 (base 11) to base 15.
-aa1ee
Convert 2160032 (base 7) to base 4.
1001010212
Convert -10134324322 (base 5) to base 10.
-10464337
Convert 2ccb4 (base 16) to base 15.
3956b
What is 111200220210212 (base 3) in base 7?
115613510
113512626 (base 7) to base 8
32637767
1c20a71 (base 13) to base 15
c47b89
What is -69010 (base 11) in base 3?
-12001221122
What is 9fc5b1 (base 16) in base 3?
201200222021122
Convert 123405 (base 9) to base 11.
51128
244681 (base 10) to base 15
4c771
2174 (base 9) to base 12
b1a
What is 12143125 (base 8) in base 10?
2672213
What is -54a278 (base 16) in base 4?
-111022021320
Convert 7ba8 (base 12) to base 13.
6392
-30103010121 (base 4) to base 3
-20001210021020
Convert -a0b47a (base 16) to base 9.
-21732120
Convert -4a5a91 (base 16) to base 6.
-252235253
Convert 1000121021 (base 3) to base 11.
14133
What is 11077633 (base 9) in base 3?
101002121201010
Convert ac8dd (base 16) to base 11.
443019
What is -3505201 (base 7) in base 14?
-b5ca8
What is -31011002123 (base 4) in base 6?
-201252415
-5277026 (base 8) to base 7
-14654341
Convert 1001045 (base 7) to base 4.
130310021
Convert 121111002222 (base 3) to base 14.
86377
Convert 48e6 (base 15) to base 6.
155500
Convert -a50a18 (base 11) to base 5.
-412404234
What is -24255024 (base 6) in base 7?
-6353542
What is -130406 (base 10) in base 11?
-89a81
What is 2322232 (base 5) in base 10?
42192
What is 10001001011011001001111 (base 2) in base 9?
8423105
-2104223210 (base 5) to base 13
-b9bb07
Convert -133023021 (base 4) to base 8.
-371311
50622 (base 10) to base 6
1030210
What is -84223 (base 14) in base 7?
-2465143
Convert -a912f (base 16) to base 9.
-1264864
What is -15c17 (base 13) in base 16?
-a27a
Convert 100402304 (base 5) to base 13.
11183c
Convert 11656061 (base 7) to base 5.
232244030
What is 233790 (base 10) in base 16?
3913e
What is 2269ba (base 12) in base 2?
10000110100000011110
Convert -71117 (base 8) to base 4.
-13021033
What is -79924 (base 10) in base 12?
-3a304
Convert 1200000301 (base 5) to base 10.
2734451
What is -d4c984 (base 15) in base 7?
-151664461
What is 113630 (base 9) in base 5?
4141220
-912573 (base 11) to base 10
-1467447
-458573 (base 9) to base 13
-98403
What is -4cdc22 (base 16) in base 14?
-951962
What is 2e502d (base 15) in base 11?
12a32a0
What is -10110000000011111101 (base 2) in base 15?
-e3a19
1630623 (base 7) to base 6
4502153
What is 764844 (base 10) in base 14?
15ca3a
-1511695 (base 12) to base 6
-231100305
Convert 23331141 (base 6) to base 12.
2b0ab1
295180a (base 11) to base 6
300343223
What is 121a84 (base 14) in base 2?
10010111001111010100
Convert -120320232233 (base 4) to base 10.
-6523823
What is -539243 (base 10) in base 7?
-4404065
36066307 (base 8) to base 13
183432a
Convert 20500512 (base 6) to base 15.
bc6e5
Convert -154696 (base 14) to base 2.
-10110101001100101100
What is -20220202210 (base 3) in base 5?
-13324110
Convert 15e3 (base 16) to base 9.
7615
What is 263257 (base 8) in base 4?
112122233
-2a5622 (base 12) to base 13
-1c0319
What is 2307607 (base 11) in base 13?
ab4277
Convert 1107365 (base 9) to base 11.
377783
-120105660 (base 7) to base 11
-4215913
Convert 104132034 (base 5) to base 2.
1101111111010011010
What is -2526453 (base 7) in base 9?
-546686
What is -1084a94 (base 11) in base 14?
-374a06
What is -2100202001 (base 3) in base 15?
-db7d
-b41966 (base 16) to base 6
-1100551234
What is 1a87b1 (base 13) in base 5?
133111211
-250530 (base 8) to base 16
-15158
What is -350275 (base 9) in base 4?
-303110012
What is -205553514 (base 6) in base 7?
-42633325
What is -2099282 (base 11) in base 15?
-4cc787
Convert 442347 (base 8) to base 4.
210103213
Convert 69418 (base 11) to base 4.
120133220
769254 (base 12) to base 2
111001011100000100000
Convert -380 (base 12) to base 6.
-2240
Convert -14540124 (base 6) to base 11.
-319751
Convert -2741048 (base 10) to base 3.
-12011021000022
What is -1442121 (base 5) in base 10?
-30911
What is 1154235 (base 7) in base 2?
100100000111110101
What is -13e09 (base 16) in base 5?
-10101132
What is 2266526 (base 12) in base 3?
110102120120210
1231213230 (base 4) to base 7
3550023
3234424012 (base 5) to base 2
11010100001001101001101
1233310023 (base 4) to base 11
29310a
2958309 (base 11) to base 14
962210
-533 (base 14) to base 8
-2001
-69564 (base 14) to base 4
-332210010
What is 14152441 (base 6) in base 12?
1b2721
What is 8707e (base 15) in base 12?
188148
What is 212200001102 (base 3) in base 5?
104401434
3541303 (base 6) to base 11
11656a
What is 1221021110100 (base 3) in base 16?
fb358
-176b3 (base 13) to base 10
-45100
-684031 (base 14) to base 5
-1401422131
Convert b3cd3 (base 15) to base 13.
16c524
Convert -5ab10 (base 12) to base 9.
-206103
Convert -11565444 (base 8) to base 3.
-11210120201100
-6d743 (base 14) to base 8
-1012517
Convert -2219 (base 16) to base 5.
-234404
What is -13621c (base 15) in base 3?
-1202100102200
-11410244141 (base 5) to base 7
-221426501
Convert 213123103 (base 4) to base 11.
100370
413174 (base 8) to base 16
2167c
Convert -943d (base 15) to base 12.
-16171
-6033512 (base 7) to base 4
-2232122030
Convert -220637 (base 10) to base 11.
-14084a
Convert -17cf1 (base 16) to base 5.
-11110041
What is 30011231 (base 6) in base 10?
841411
-864268 (base 10) to base